= h. Suppose h = -5*p - 4 + 19. Suppose 5*l + 4*y = 2*y + 68, -3*l - p*y = -48. What is the remainder when 23 is divided by l?
11
Let i = -212 + 268. What is the remainder when i is divided by 20?
16
Suppose t - 6*t = -85. Suppose -p + 207 = 4*z, -z = -3*p - 59 + t. What is the remainder when z is divided by 13?
12
Let d(y) = y**2 + 2*y + 3. What is the remainder when d(-7) is divided by 8?
6
Let f(g) = -8*g**3 - 3*g**2 - 4*g - 2. Calculate the remainder when 8 is divided by f(-1).
1
Let m(f) = -f**3 + 15*f**2 + 19*f - 33. Calculate the remainder when 40 is divided by m(16).
10
Let j(c) = 18*c**3 - 2*c**2 + c. Let l be j(1). Let b = l + 24. What is the remainder when b is divided by 14?
13
Suppose -5*a - 3*h + 51 = 5, 4*h + 16 = 3*a. Let f = -27 + 46. Calculate the remainder when f is divided by 82/a - 2/8.
9
Let j(s) = 57*s - 2. Calculate the remainder when j(3) is divided by 19.
17
Suppose 99 + 64 = r + 3*c, 5*c - 171 = -r. Calculate the remainder when r is divided by 11.
8
Suppose -2*i + 2*v = -118, -v + 4*v + 232 = 4*i. Calculate the remainder when i is divided by 28.
27
Let t(u) = u + u**3 + 2*u - 5*u + 35 + 3*u. What is the remainder when t(0) is divided by 19?
16
Suppose 0 = 4*y + 2*j - 20 + 6, 4*j + 26 = y. Let v be (-2 - 1)*(-2)/(-2). Let d = -1 - v. What is the remainder when y is divided by d?
0
Let k = -14 + 34. What is the remainder when k is divided by 2 + 1 + 5 - 1?
6
What is the remainder when 27 is divided by (-64)/(-10) - 2/5?
3
Suppose -187 = -4*a + 3*x, -112 = -5*a - 2*x + 93. What is the remainder when a is divided by 9?
7
Let p = 14 + -4. Calculate the remainder when 19 is divided by p.
9
Let o = -3 - -5. Let i = 6 - 4. Calculate the remainder when o is divided by i.
0
Suppose 5*c + 2*j - j - 137 = 0, 2*c = 5*j + 44. Suppose 2*w = 4*w - 4. Suppose w*i - 10 = 18. Calculate the remainder when c is divided by i.
13
Suppose 26 = 4*u - 54. Calculate the remainder when u is divided by 11.
9
Let f be (126/15)/((-5)/50). Let u = 119 + f. Calculate the remainder when u is divided by 18.
17
Let q = 74 - 43. Calculate the remainder when q is divided by 11.
9
Let a(c) = -c**3 - 5*c**2 - 5*c + 6. Let t be a(-5). Suppose p + 4*p = 2*s - t, s + 22 = -5*p. Calculate the remainder when ((-3 - 4)*-2)/2 is divided by s.
1
Let y(q) = -7*q**2 - q - 10. Let r(w) = -6*w**2 - 2*w - 9. Let x(l) = -5*r(l) + 4*y(l). Calculate the remainder when 24 is divided by x(-4).
11
Let b(x) = -x**3 - 8*x**2 - 9*x + 8. What is the remainder when b(-8) is divided by 27?
26
Let y(q) = q + 4. Calculate the remainder when y(3) is divided by 5.
2
Suppose 3*j - 9*j + 54 = 0. Calculate the remainder when j is divided by 3.
0
Suppose 0 = -5*z + x + 4*x + 60, x + 54 = 4*z. Calculate the remainder when 40 is divided by z.
12
Let f be (-16)/6 - (-4)/(-12). Calculate the remainder when 43 is divided by 22 + 2/(-6)*f.
20
Let p(c) = -2*c - 2. Calculate the remainder when 7 is divided by p(-2).
1
Let s(w) = -4 - 3 + 18*w**2 + 6. Calculate the remainder when 28 + 8/(-12)*-6 is divided by s(-1).
15
Suppose 2*y + 4*o - 40 = 0, -4*y = y + o - 73. What is the remainder when 41 is divided by y?
13
Let g be 4/6 + 8/6. Let i be 19/(g - 11/5). Let n = -54 - i. Calculate the remainder when n is divided by 14.
13
Let a = -4 + 7. Let d(s) = s**2 - 2*s + 2. Let z be d(a). Suppose -3*c + z + 68 = 4*b, 5*c = 2*b + 113. Calculate the remainder when c is divided by 8.
7
Let y(p) = -p**2 - 7*p + 2. Let c be y(-7). Let a(l) = 4*l**3 - l**2 - 1. Calculate the remainder when 79 is divided by a(c).
25
Let o = 8 + 5. Calculate the remainder when 48 is divided by o.
9
Suppose -t - 2*d + 5 = 0, -18 = -2*t - 6*d + 4*d. Suppose 2*q + t = o, 0 = -2*o + q - 6*q - 10. Let n = 8 - o. Calculate the remainder when 10 is divided by n.
1
Suppose -25*p = -26*p + 23. What is the remainder when p is divided by 13?
10
Suppose -6*d + 148 = -2*d. What is the remainder when d is divided by 20?
17
What is the remainder when (3/6)/((-5)/(-110)) is divided by ((-7)/3 - -1)*-3?
3
Suppose 0 = -5*n - 0*n + 4*h + 8, 3*h + 6 = -n. What is the remainder when 20 is divided by 8 + 3 + -4 + n?
6
Let w(c) = -c**3 - 11*c**2 - 26*c - 5. What is the remainder when 54 is divided by w(-8)?
10
Let z be (-6)/9 - (-5)/(-15). Suppose 5 = 3*m + 2*m. Calculate the remainder when 18 is divided by (m - 2) + 12 + z.
8
What is the remainder when 432/15 - 4/(-20) is divided by 15?
14
Suppose 3*j - 242 + 23 = 0. What is the remainder when j is divided by 11?
7
Let d = 176 - 250. Calculate the remainder when 75 is divided by d/(-4) - (-2)/4.
18
Let z = -40 + 20. Let c = z + 32. What is the remainder when 26 is divided by (-4)/2 + c - 1?
8
Let s = -186 + 190. What is the remainder when s is divided by 4?
0
Let p(g) be the second derivative of -g**3/3 - 9*g**2/2 + 3*g. Let u be p(-6). Suppose -u*w + 2 = -46. What is the remainder when 47 is divided by w?
15
Suppose 3*t - 3 + 90 = z, 5*t = -z - 153. Let y be (4 - 1)*t/(-18). Suppose -a + 54 = 2*u + 16, 3*a - y*u = 59. Calculate the remainder when a is divided by 15.
13
Let r = -8 - -5. What is the remainder when 3 is divided by (2/r)/((-4)/12)?
1
Let k = -172 + 246. Calculate the remainder when k is divided by 27.
20
Let n be 64/(-10)*5/(-2). Let y(j) = j**3 - 17*j**2 + 16*j + 23. What is the remainder when y(n) is divided by 12?
11
Let i = -50 - -73. Let h(b) = 18*b. Let r be h(1). Let g = -10 + r. Calculate the remainder when i is divided by g.
7
Suppose 3*a = a - 4. Let n be 0/(-3)*1/a. Suppose -4*o + 5*o - 6 = n. What is the remainder when 11 is divided by o?
5
Let p(m) = -m**3 + 7*m**2 + m + 8. Calculate the remainder when 28 is divided by p(7).
13
Let c(o) be the third derivative of -o**4/24 + 17*o**3/6 - 2*o**2. What is the remainder when c(10) is divided by 4?
3
Let b = -32 + 269. What is the remainder when b is divided by 8?
5
Let k = -11 + 29. Suppose 0 = -5*c - 2*z - 2*z + 29, -c = -z - 4. Calculate the remainder when k is divided by c.
3
Calculate the remainder when 25 is divided by -1*(-5)/((-15)/(-39)).
12
Suppose 75 = 6*s - 39. Calculate the remainder when s is divided by 7.
5
Let w = 1 + -6. Let r = 37 - w. What is the remainder when r is divided by 11?
9
Let m = 0 - 0. What is the remainder when 6 - (1 + (0 - m)) is divided by 1 - (2 - 7 - (1 - 4))?
2
What is the remainder when 4/8*81*2 is divided by 21?
18
Let a = 138 - 75. What is the remainder when a is divided by 33?
30
Let v be 8 + -1 + 6/3. Let x be (v/3)/(1/7). Let k = 41 - x. Calculate the remainder when 38 is divided by k.
18
Calculate the remainder when (-11)/((-33)/312) + 0 is divided by 22.
16
Let q(p) be the second derivative of p**4/3 + p**3/6 + p**2 - 2*p. Let z(x) be the first derivative of q(x). What is the remainder when z(5) is divided by 21?
20
Suppose -r - n = -43, 2*r = 4*r - n - 83. Calculate the remainder when r is divided by 15.
12
Calculate the remainder when (-1140)/18*6/(-4) is divided by 24.
23
Suppose -4*m - 4*p - 36 = 0, 4*m + 4 = 7*p - 3*p. Calculate the remainder when 23 is divided by 2 + (m - -1) - -14.
11
Let c(s) = 2*s**2 + 2*s - 4. Calculate the remainder when (7/2 - 2)*10 is divided by c(2).
7
Suppose -4*k = 5*i - 5, 4*i + k + 4 = i. Let l(j) = -j**3 - 2*j**2 - j + 1. Calculate the remainder when l(i) is divided by 4.
1
Suppose w = 5 - 2. Let x = w - -25. What is the remainder when x is divided by 15?
13
Suppose -9*c + 94 + 86 = 0. Calculate the remainder when c is divided by 11.
9
Suppose -v = 2*v - 30. Let b(q) = 3*q**2 + 6*q + 3. What is the remainder when b(-4) is divided by v?
7
Suppose o - 4 = 62. What is the remainder when o is divided by 34?
32
Suppose u - 9 = -2*u. Suppose -2*j - s = -9, -3*s + 6 = j - 2*s. Suppose 3*y = -j*p - y + 44, 19 = 3*p - y. What is the remainder when p is divided by u?
2
Suppose -s + 2*s = 4. Calculate the remainder when 15 is divided by s.
3
Suppose 0*s = 3*s + 4*q - 29, -q = -2*s + 1. Let c(p) = -p**3 + 10*p**2 - 9*p + 7. Calculate the remainder when (-275)/(-20) + s/(-4) is divided by c(9).
6
Let t(x) = -x**3 + 5*x**2 - x + 3. Let y be t(5). What is the remainder when 256/44 + y/(-11) is divided by 2?
0
Suppose -3*h + 170 = 4*l - 0*h, 5*h = 2*l - 72. Let k = -26 + l. What is the remainder when 8 is divided by (-3 - -2)/((-3)/k)?
3
Let f(k) = -k**2 - 7*k